*3 - 5*q**2 + 2/3*q**4 - p*q**5 + 10*q + 0. What is k(7)?
4
Suppose 15*w = 10*w + 40. Let h(d) = -16*d + 32*d - 7 - w*d + d**2. Determine h(-8).
-7
Let i(w) = -3 - 3 + 6*w + 6*w**2 - 27*w**2 + 20*w**2. Calculate i(4).
2
Let q(k) be the first derivative of k**2/2 + 13*k - 87. Suppose 0 = -2*v - 0*v - 14. Determine q(v).
6
Let u(o) = -2*o**2 - 9*o + 1. Let k be u(-7). Let y be k/(-10) - 9/(-15). Let c(j) = 2*j - 3 + 7 - y - 1. What is c(4)?
7
Let b(g) be the second derivative of g**5/20 + g**4/6 - g**3/2 - 5*g**2/2 + g + 3. What is b(-2)?
1
Let g(i) = -8*i + 105. Let q be g(13). Let u(y) = -24*y**3 + y. What is u(q)?
-23
Let r(y) = -y**3 - 8*y**2 + 7*y + 17. Let g(i) = i**3 + 9*i**2 - 5*i - 15. Let l(u) = -4*g(u) - 3*r(u). Give l(-12).
21
Let g be 1030/22 - 2 - 2/(-11). Let l = g - 37. Let v(z) = z - 3. What is v(l)?
5
Suppose -9*v - 20 = -4*v. Let p(i) be the third derivative of -i**4/12 - 5*i**3/6 - 1763*i**2. Give p(v).
3
Let r(i) = i**2 - 2*i - 4. Let a be r(3). Let g(b) = 12*b + 14. Let c(n) = 12*n + 11. Let u(p) = 5*c(p) - 4*g(p). Calculate u(a).
-13
Let d(b) = -9*b**3 + 2*b**2 - 2*b + 1. Let n(w) = -2*w**3 + 25*w**2 - 11*w - 11. Let q be n(12). Calculate d(q).
-8
Let w(v) = -3*v - 8. Let f(s) = 3*s + 13. Let b(x) = -5*x - 20. Let l(z) = -5*b(z) - 7*f(z). Let p(c) = 4*l(c) + 5*w(c). Determine p(6).
2
Let l(a) = a**2 - a - 6. Suppose 48*y = 46*y. Give l(y).
-6
Let g(z) = 0 - 5*z**2 - 10*z**2 + 0*z + 18*z**2 + z + 2. Give g(-2).
12
Let x(a) = a**3 - 11*a**2 + 9*a + 3. Suppose -57*c + 56*c = -5. Let b be 26/2 - (3 - 0/c). Determine x(b).
-7
Let u(z) be the first derivative of z**3/3 + 3*z**2/2 + 6*z + 228. Determine u(-4).
10
Let f(l) = -3*l**2 + l + 2. Let z(k) = 4*k**2 - 2*k - 2. Let y = -33 - -38. Let h(g) = y*f(g) + 4*z(g). What is h(4)?
6
Let u(y) = y**3 - 5*y**2 + 2*y. Let w(s) = -13*s + 134. Let q be w(10). Give u(q).
-8
Let u(x) = -x**3 + 3*x**2 + 21*x - 15. Let o be u(6). Let d(j) = 0 + 6*j - 2*j - o*j - 6. Determine d(6).
0
Let z(k) = 4*k - 3*k - 1 - 2*k. Let i(b) = b**2 + 6*b + 4. Let t = -20 - -17. Let g(h) = t*z(h) + i(h). Calculate g(-6).
-11
Let y(g) be the first derivative of -g**2/2 - 1. Let f(m) = -3*m - 1. Let a(v) = f(v) - 5*y(v). Determine a(-4).
-9
Let g(r) be the third derivative of r**6/360 + 7*r**5/120 - 5*r**4/24 - 6*r**2. Let x(f) be the second derivative of g(f). What is x(-6)?
-5
Let x(i) = -2*i**2 - i + 2. Let r(f) = -f**3 - 19*f**2 - 17*f + 23. Let b be r(-18). Calculate x(b).
-53
Let t = -27 + 33. Let b(w) = -w**3 + 7*w**2 - 7*w + 1. What is b(t)?
-5
Let h(w) = -2*w**2 + w + 3. Let t(f) = -f**2 + 2*f + 2. Let u(s) = -2*h(s) + 3*t(s). Let m be (1 - -1 - -2) + 1. Suppose k - m*k - 16 = 0. What is u(k)?
0
Let n(w) = 10*w. Let o be (-1)/(8*7/224). Give n(o).
-40
Let b(r) = r + 4. Let j be b(-3). Let c(p) be the first derivative of 2*p**2 - 2*p - 3. Let d(a) = -a**2 + a. Let n(l) = j*d(l) - c(l). Give n(-5).
-8
Let q(z) = z + 2. Suppose 5*f = -4*x - 6, 5*x - 3*x - 2 = 0. Let o be 595/65 + f/13. Suppose 0 = -5*t - o + 19. Calculate q(t).
4
Let t = 6 - 2. Let q(l) = -3 + 3*l - l**2 - 2 + 5*l - 3*l. What is q(t)?
-1
Let s(g) = -10*g - 15. Let u(d) = -5*d - 4. Let i(j) = -2*s(j) + 5*u(j). Calculate i(3).
-5
Let z(h) = 2*h - 4. Let t(r) = 6*r**2 - 29*r - 2. Let l be t(5). Give z(l).
2
Let t(s) = s**2 + 5*s + 8. Let q be t(-4). Let i(d) = -4*d - 5*d + d**2 - 2 + 10*d + q*d. What is i(-5)?
-2
Suppose 14*x - 8 = 12*x. Suppose 2 = -2*r - 5*n, -8 = x*r - 2*n - 4. Let b(q) = -4*q**3 - q - 1. Calculate b(r).
4
Let y(n) = -2*n**3 + 192*n**2 + n**3 - 197*n**2 - 4 - 3*n - n. Give y(-4).
-4
Let d(x) be the second derivative of x**4/12 - x**3/3 + x**2 + 97*x. Give d(2).
2
Let l(n) = -4*n - 131. Let k be l(-34). Let p(o) be the third derivative of 0*o**3 - 1/60*o**5 + 0 + 0*o + k*o**2 + 5/24*o**4. Calculate p(5).
0
Let z(u) be the second derivative of u**4/12 + u**3/6 - u**2 + 981*u. Let q be (-4)/(-6) - 34/6. What is z(q)?
18
Let u = -621 + 618. Let z(l) = -2*l**2 - 3*l + 4. What is z(u)?
-5
Let i = -4 + 0. Let k(x) be the third derivative of -x**4/24 - x**3/2 + 190*x**2. What is k(i)?
1
Let q(c) = 5*c - 5. Let z(u) = 12*u - 10. Let d(x) = -5*q(x) + 2*z(x). Suppose 5*m = 2*s + 12, -5*s - m + 2*m - 30 = 0. Give d(s).
11
Let s(l) = -5*l**2 - l + 8. Let m(k) = -8*k**2 - 6*k - 2. Let f(c) = -7*c**2 - 5*c - 1. Let v(g) = -6*f(g) + 5*m(g). Let b(j) = -4*s(j) - 9*v(j). Give b(-3).
10
Let o(i) = -4*i - 14. Let w(u) = 2*u + 1. Let a(n) = -o(n) - w(n). What is a(-13)?
-13
Let x(y) = 4*y**2 - 2*y - 1. Suppose -10*h + 19 = -1. Determine x(h).
11
Suppose 2*h - 40 = -3*h - 5*k, -3*h - 2*k = -20. Let t(x) = 8*x - 13*x - 1 + 7*x - x**2 + h*x. Calculate t(4).
7
Suppose 0 = -4*w - 3*r - 13, 4*w - 3*r - 2 = 3. Let l(t) be the first derivative of 3*t**2 + 1. Determine l(w).
-6
Let w(o) = -3317*o - 1 + 1658*o + 1662*o. Give w(3).
8
Let o = -24 - -24. Let z(t) = 0*t**2 + 6*t - 3 - 2*t + o*t - t**2. What is z(2)?
1
Let w(j) = 5*j. Suppose 2 = 5*y + 12. Let c(z) = z**2 + 2*z + 1. Let q be c(y). Calculate w(q).
5
Let s(j) = j**3 + 16*j**2 - 1560 - 18*j**2 + 1559 - 5*j. What is s(4)?
11
Let j(d) be the second derivative of -d**3/2 - 33*d**2/2 + 2*d - 30. Determine j(-11).
0
Let g(y) = y + 1. Let s(j) = 6*j**2 + 9*j + 11. Let a be s(-5). Let f = a + -117. Determine g(f).
0
Let u(s) = 7*s**3 + 5*s**2 - 5*s - 16. Let c(i) = -4*i**3 - 2*i**2 + 2*i + 9. Let r(z) = -5*c(z) - 3*u(z). Give r(-6).
9
Let q(d) = d**2 - 15*d - 12. Let t be q(16). Let s(b) = -4*b + 2 + t*b + b. Determine s(0).
2
Let u(i) = 11*i - 1. Let t be u(-1). Let l(k) = k**2 + 10*k - 20. Give l(t).
4
Let t(u) = 12*u + 3. Let j(x) = x**2 - 10*x + 14. Let b be j(10). Suppose -6*l = l + b. Determine t(l).
-21
Let f(m) = 2*m - 8. Let k be f(6). Let b(z) = z**2 + 2*z - 1. Let r(c) = -5*c**2 - 16*c + 5. Let h(n) = 6*b(n) + r(n). Calculate h(k).
-1
Let d(c) = 6*c + 8. Let r(w) = w + 1. Let p(n) = -d(n) + 5*r(n). Let l be p(-7). Let q(b) = -b - 8 + l*b - 2*b + 10. Determine q(0).
2
Let d(c) be the third derivative of c**9/60480 - c**8/10080 - c**7/840 + c**6/360 - c**5/12 + 20*c**2. Let a(z) be the third derivative of d(z). Calculate a(4).
10
Let h(t) = -t - 13. Let q be h(-10). Let j(n) = -n + 1. Let y(b) = b**2 - 8*b + 4. Let k(m) = -4*j(m) + y(m). Give k(q).
21
Let o(l) = 7*l - 2. Let z(c) = 23*c - 6. Let m(w) = -10*o(w) + 3*z(w). What is m(7)?
-5
Let g(d) = -d**2 + 11*d + 26. Suppose 33*y - 395 = 1. Determine g(y).
14
Let k(v) = -v**3 + 2*v + 7. Let i be k(0). Let q = 17 - i. Let w(a) = 9*a + q*a - 5*a**3 + 4*a**3 + a**2 + 1 - 18*a. Determine w(3).
-14
Suppose -2*t = -2*k + 2 - 0, 2*k + 3*t = -8. Let i = k - -6. Let c(o) = -15 + i*o - 3*o + 7. Determine c(7).
6
Let y = 8 - 12. Let i(p) = p + 4. Let o be i(y). Suppose 4*h + o*h + 24 = 0. Let l(r) = r**3 + 6*r**2 - r - 8. Give l(h).
-2
Let w(z) be the third derivative of z**5/60 - 5*z**4/24 - z**3/3 - 2*z**2. Let k(m) = -m**3 + 36*m**2 + 73*m + 120. Let y be k(38). Determine w(y).
4
Let f(n) = -23*n**2 + 1. Suppose 2 = -h - 0*h + m, -3*m + 2 = -2*h. Let i be (2/h)/((-6)/12). What is f(i)?
-22
Suppose 8*r + 35 + 285 = 0. Let z = r + 46. Let n(q) = -q**2 + 4*q + 6. What is n(z)?
-6
Let r(i) = 9*i - 12*i - 3 + 3. Let m = -3 + 2. Let p be m/((-3 - -2)/(-1)). Determine r(p).
3
Suppose -w + 24 = -5*w. Let y(j) = 7*j - 1. Let d(c) = 6*c. Let p(g) = w*d(g) + 5*y(g). Calculate p(0).
-5
Suppose 14 = 4*p - 2*o, 0 = -5*p + o - 3*o + 13. Suppose -p*a + 26 = -4*v, 3*v + 25 = 4*a + a. Let i(f) = 0*f**2 + 3*f + f**a + 2 + 0*f**2 - f**3. Give i(-2).
8
Let u(z) = z + 5. Let l be u(-10). Let v(s) = s - 1. Let h(r) = r**2 + 4*r - 7. Let y(g) = l*v(g) + h(g). Calculate y(5).
18
Let a(t) = 1 + 0 + 3*t - 2. Let d = 2141 - 2135. Determine a(d).
17
Suppose 3*m - 1 = -2*b, -m + 3*b = 3*m - 7. Suppose 0 = 11*a + 45 - m. Let i(d) = -d**3 - 5*d**2 - 2*d + 3. What is i(a)?
-5
Let p(t) = t**2 - t - 1. Suppose 6*d = 7*d - 8. Let r be ((-4)/d)/((-2)/(-4)). Let s = r + 3. Calculate p(s).
1
Suppose 8 = 2*l - u - 0, 4 = -2*u. Let z be (6 - 5)*(l - -3). Let n(j) = -j**2 + 4*j + 2. What is n(z)?
-10
Let m(l) = -4*l + 0*l - 1 + 10 - 3*l. Let r(u) = -2*u + 3. Let k(n) = 6*m(n) - 17*r(n). Suppose 2*z + 17 - 5 = 4*i, -5*i - 2*z = -6. Give k(i).
-13
Let t = 15 + -9. Let n(g) = -g. Let z(y) =